re the prime factors of 2460?
2, 3, 5, 41
List the prime factors of 1661.
11, 151
List the prime factors of 1058.
2, 23
List the prime factors of 20559.
3, 7, 11, 89
List the prime factors of 6510.
2, 3, 5, 7, 31
What are the prime factors of 1992?
2, 3, 83
List the prime factors of 5.
5
What are the prime factors of 169589?
7, 3461
What are the prime factors of 18086?
2, 9043
List the prime factors of 908.
2, 227
List the prime factors of 3217.
3217
What are the prime factors of 5865?
3, 5, 17, 23
List the prime factors of 10940.
2, 5, 547
What are the prime factors of 98588?
2, 7, 503
What are the prime factors of 952?
2, 7, 17
List the prime factors of 22338.
2, 3, 17, 73
List the prime factors of 3360.
2, 3, 5, 7
What are the prime factors of 1246?
2, 7, 89
What are the prime factors of 85115?
5, 29, 587
What are the prime factors of 42722?
2, 41, 521
What are the prime factors of 3242?
2, 1621
List the prime factors of 2087.
2087
List the prime factors of 100.
2, 5
List the prime factors of 439.
439
List the prime factors of 2667.
3, 7, 127
What are the prime factors of 23012?
2, 11, 523
List the prime factors of 3609.
3, 401
List the prime factors of 6745.
5, 19, 71
List the prime factors of 2336.
2, 73
What are the prime factors of 53729?
13, 4133
What are the prime factors of 5251?
59, 89
List the prime factors of 12741.
3, 31, 137
List the prime factors of 34213.
34213
List the prime factors of 70205.
5, 19, 739
What are the prime factors of 18121?
18121
What are the prime factors of 9145?
5, 31, 59
What are the prime factors of 5524?
2, 1381
What are the prime factors of 1686?
2, 3, 281
What are the prime factors of 9235?
5, 1847
List the prime factors of 587.
587
List the prime factors of 472.
2, 59
What are the prime factors of 10552?
2, 1319
What are the prime factors of 1701?
3, 7
List the prime factors of 1597.
1597
List the prime factors of 4607.
17, 271
List the prime factors of 6032.
2, 13, 29
What are the prime factors of 118331?
241, 491
What are the prime factors of 9451?
13, 727
List the prime factors of 29391.
3, 97, 101
What are the prime factors of 7368?
2, 3, 307
List the prime factors of 1316.
2, 7, 47
List the prime factors of 21912.
2, 3, 11, 83
What are the prime factors of 1063?
1063
What are the prime factors of 23911?
23911
List the prime factors of 186292.
2, 46573
List the prime factors of 8556.
2, 3, 23, 31
What are the prime factors of 1442?
2, 7, 103
List the prime factors of 11961.
3, 443
What are the prime factors of 2199?
3, 733
List the prime factors of 177350.
2, 5, 3547
List the prime factors of 4104.
2, 3, 19
What are the prime factors of 23768?
2, 2971
What are the prime factors of 5573?
5573
List the prime factors of 6758.
2, 31, 109
List the prime factors of 3230.
2, 5, 17, 19
List the prime factors of 3019.
3019
What are the prime factors of 5169?
3, 1723
What are the prime factors of 33991?
19, 1789
What are the prime factors of 980?
2, 5, 7
List the prime factors of 14411.
14411
What are the prime factors of 269?
269
What are the prime factors of 80860?
2, 5, 13, 311
What are the prime factors of 141?
3, 47
List the prime factors of 322.
2, 7, 23
What are the prime factors of 180565?
5, 7, 11, 67
What are the prime factors of 166133?
11, 1373
What are the prime factors of 1084?
2, 271
List the prime factors of 11487.
3, 7, 547
List the prime factors of 49.
7
List the prime factors of 37.
37
What are the prime factors of 1813?
7, 37
List the prime factors of 5349.
3, 1783
List the prime factors of 2545.
5, 509
What are the prime factors of 220?
2, 5, 11
What are the prime factors of 3222?
2, 3, 179
What are the prime factors of 354?
2, 3, 59
List the prime factors of 88933.
13, 6841
List the prime factors of 81374.
2, 23, 29, 61
What are the prime factors of 10005?
3, 5, 23, 29
List the prime factors of 46161.
3, 23, 223
What are the prime factors of 22019?
97, 227
What are the prime factors of 33258?
2, 3, 23, 241
List the prime factors of 1339.
13, 103
What are the prime factors of 513?
3, 19
List the prime factors of 4716.
2, 3, 131
What are the prime factors of 2675?
5, 107
What are the prime factors of 42315?
3, 5, 7, 13, 31
List the prime factors of 173.
173
What are the prime factors of 12172?
2, 17, 179
What are the prime factors of 27500?
2, 5, 11
What are the prime factors of 701?
701
List the prime factors of 1298.
2, 11, 59
List the prime factors of 134790.
2, 3, 5, 4493
List the prime factors of 505.
5, 101
What are the prime factors of 26067?
3, 8689
List the prime factors of 15677.
61, 257
What are the prime factors of 1103?
1103
List the prime factors of 89274.
2, 3, 14879
List the prime factors of 2483.
13, 191
What are the prime factors of 16405?
5, 17, 193
What are the prime factors of 2381?
2381
What are the prime factors of 5090?
2, 5, 509
List the prime factors of 165222.
2, 3, 67, 137
List the prime factors of 2536.
2, 317
What are the prime factors of 21301?
7, 17, 179
What are the prime factors of 2866?
2, 1433
List the prime factors of 12275.
5, 491
What are the prime factors of 30190?
2, 5, 3019
List the prime factors of 10453.
10453
List the prime factors of 53852.
2, 13463
What are the prime factors of 42056?
2, 7, 751
List the prime factors of 23020.
2, 5, 1151
What are the prime factors of 68478?
2, 3, 101, 113
List the prime factors of 2087.
2087
List the prime factors of 276.
2, 3, 23
What are the prime factors of 474?
2, 3, 79
List the prime factors of 58075.
5, 23, 101
What are the prime factors of 6172?
2, 1543
List the prime factors of 543.
3, 181
What are the prime factors of 24757?
19, 1303
List the prime factors of 12443.
23, 541
List the prime factors of 1366.
2, 683
What are the prime factors of 7450?
2, 5, 149
What are the prime factors of 3078?
2, 3, 19
List the prime factors of 17979.
3, 13, 461
What are the prime factors of 164?
2, 41
List the prime factors of 814.
2, 11, 37
List the prime factors of 32622.
2, 3, 5437
List the prime factors of 14307.
3, 19, 251
What are the prime factors of 23?
23
What are the prime factors of 1326?
2, 3, 13, 17
What are the prime factors of 1579?
1579
List the prime factors of 15191.
11, 1381
List the prime factors of 2823.
3, 941
What are the prime factors of 10091?
10091
List the prime factors of 2248.
2, 281
List the prime factors of 2285.
5, 457
List the prime factors of 111.
3, 37
List the prime factors of 1335.
3, 5, 89
What are the prime factors of 2632?
2, 7, 47
List the prime factors of 482.
2, 241
What are the prime factors of 20737?
89, 233
What are the prime factors of 63383?
241, 263
List the prime factors of 753.
3, 251
What are the prime factors of 155?
5, 31
What are the prime factors of 11003?
11003
What are the prime factors of 1947?
3, 11, 59
List the prime factors of 28737.
3, 31, 103
What are the prime factors of 1639?
11, 149
List the prime factors of 20952.
2, 3, 97
List the prime factors of 728.
2, 7, 13
What are the prime factors of 1641?
3, 547
What are the prime factors of 7?
7
List the prime factors of 3893.
17, 229
What are the prime factors of 6677?
11, 607
List the prime factors of 237.
3, 79
List the prime factors of 7648.
2, 239
What are the prime factors of 40434?
2, 3, 23, 293
List the prime factors of 1682.
2, 29
What are the prime factors of 138674?
2, 69337
What are the prime factors of 16173?
3, 599
What are the prime factors of 16355?
5, 3271
List the prime factors of 1204.
2, 7, 43
What are the prime factors of 4764?
2, 3, 397
What are the prime factors of 167749?
271, 619
What are the prime factors of 340?
2, 5, 17
List the prime factors of 95551.
19, 47, 107
List the prime factors of 53355.
3, 5, 3557
List the prime factors of 17874.
2, 3, 331
What are the prime factors of 1484?
2, 7, 53
List the prime factors of 19741.
19, 1039
List the prime factors of 36264.
2, 3, 1511
List the prime factors of 2242.
2, 19, 59
What are the prime factors of 108830?
2, 5, 10883
List the prime factors of 95026.
2, 47513
What are the prime factors of 72725?
5, 2909
What are the prime factors of 745?
5, 149
What are the prime factors of 1743?
3, 7, 83
List the prime factors of 2614.
2, 1307
List the prime factors of 1106.
2, 7, 79
What are the prime factors of 64333?
64333
What are the 